common divisor of 67 and 335.
67
Calculate the highest common divisor of 17 and 1819.
17
Calculate the highest common divisor of 56 and 14.
14
What is the highest common divisor of 3300 and 1188?
132
What is the highest common factor of 84 and 2961?
21
What is the highest common factor of 56 and 112?
56
What is the highest common factor of 5100 and 255?
255
Calculate the greatest common divisor of 402 and 8241.
201
Calculate the highest common factor of 60 and 1620.
60
Calculate the greatest common divisor of 256 and 3872.
32
Calculate the greatest common divisor of 1927 and 41.
41
What is the greatest common divisor of 224 and 6752?
32
Calculate the greatest common factor of 62 and 155.
31
Calculate the greatest common factor of 102 and 442.
34
What is the highest common factor of 24 and 54?
6
What is the greatest common factor of 9296 and 40?
8
Calculate the highest common divisor of 4 and 58.
2
What is the greatest common factor of 63 and 1841?
7
Calculate the highest common divisor of 672 and 64.
32
What is the highest common divisor of 315 and 90?
45
What is the highest common factor of 22 and 79310?
22
What is the greatest common divisor of 9669 and 33?
33
Calculate the highest common divisor of 2870 and 70.
70
What is the greatest common divisor of 69 and 3220?
23
What is the highest common factor of 161 and 23?
23
What is the greatest common factor of 5344 and 352?
32
Calculate the highest common factor of 70 and 470.
10
Calculate the greatest common factor of 4752 and 48.
48
Calculate the greatest common divisor of 21 and 1344.
21
Calculate the highest common factor of 324 and 4.
4
Calculate the greatest common divisor of 72 and 25.
1
What is the highest common divisor of 84 and 15204?
84
What is the greatest common factor of 865 and 5?
5
Calculate the greatest common divisor of 289 and 544.
17
Calculate the greatest common divisor of 204 and 732.
12
What is the greatest common divisor of 612 and 6596?
68
Calculate the greatest common factor of 927 and 648.
9
Calculate the highest common divisor of 3 and 37977.
3
Calculate the greatest common divisor of 455 and 21.
7
What is the greatest common factor of 750 and 162?
6
Calculate the highest common divisor of 4543 and 55.
11
What is the greatest common divisor of 1305 and 60?
15
What is the greatest common divisor of 2573 and 93?
31
Calculate the highest common divisor of 105 and 12.
3
Calculate the greatest common divisor of 36 and 228.
12
What is the highest common divisor of 246 and 48?
6
Calculate the highest common divisor of 2700 and 396.
36
Calculate the highest common divisor of 29 and 203.
29
What is the highest common factor of 513 and 228?
57
What is the highest common divisor of 90 and 1740?
30
What is the highest common divisor of 192 and 648?
24
Calculate the greatest common divisor of 3404 and 1564.
92
What is the highest common divisor of 6 and 279?
3
Calculate the highest common factor of 384 and 84.
12
Calculate the highest common divisor of 2669 and 17.
17
What is the greatest common divisor of 4 and 1278?
2
Calculate the greatest common divisor of 8 and 11.
1
Calculate the greatest common divisor of 4 and 1772.
4
Calculate the greatest common factor of 25573 and 956.
239
What is the highest common divisor of 42 and 1542?
6
What is the highest common factor of 65 and 1625?
65
Calculate the greatest common factor of 5149 and 19.
19
Calculate the greatest common factor of 273 and 21.
21
Calculate the greatest common factor of 1502 and 14.
2
What is the greatest common factor of 111 and 72?
3
What is the greatest common factor of 384 and 72?
24
Calculate the highest common divisor of 1478 and 8.
2
Calculate the greatest common factor of 44 and 154.
22
Calculate the greatest common divisor of 264 and 176.
88
What is the greatest common divisor of 104 and 2769?
13
Calculate the greatest common factor of 129 and 32379.
129
Calculate the highest common divisor of 460 and 560.
20
Calculate the greatest common factor of 2 and 166.
2
What is the greatest common divisor of 114 and 21774?
114
Calculate the greatest common factor of 3634 and 46.
46
What is the highest common divisor of 24792 and 24?
24
What is the highest common divisor of 1946 and 14?
14
What is the greatest common divisor of 9 and 51?
3
Calculate the greatest common divisor of 1872 and 180.
36
What is the highest common divisor of 7755 and 282?
141
Calculate the highest common divisor of 37 and 1517.
37
What is the highest common factor of 1768 and 832?
104
Calculate the greatest common divisor of 12064 and 696.
232
Calculate the highest common factor of 294 and 42.
42
What is the greatest common divisor of 120 and 1608?
24
Calculate the highest common divisor of 966 and 138.
138
Calculate the highest common divisor of 56 and 40.
8
What is the highest common divisor of 2135 and 61?
61
What is the greatest common factor of 176 and 4532?
44
What is the greatest common divisor of 55 and 9119?
11
Calculate the greatest common factor of 6222 and 102.
102
Calculate the greatest common divisor of 1013 and 1.
1
What is the greatest common divisor of 245 and 70?
35
Calculate the greatest common divisor of 58 and 16385.
29
What is the greatest common factor of 55 and 44?
11
Calculate the greatest common factor of 64 and 2520.
8
Calculate the highest common divisor of 6 and 254.
2
Calculate the greatest common divisor of 99 and 363.
33
What is the greatest common factor of 32 and 11832?
8
Calculate the highest common divisor of 403 and 2511.
31
Calculate the greatest common divisor of 2537 and 59.
59
Calculate the highest common factor of 42 and 658.
14
Calculate the highest common divisor of 1376 and 4.
4
Calculate the greatest common divisor of 40 and 1080.
40
Calculate the highest common divisor of 432 and 234.
18
What is the highest common divisor of 28 and 1883?
7
Calculate the greatest common divisor of 344 and 16.
8
Calculate the greatest common factor of 4872 and 8.
8
Calculate the greatest common factor of 3184 and 16.
16
Calculate the highest common factor of 7 and 889.
7
What is the highest common factor of 54 and 432?
54
What is the greatest common divisor of 1521 and 78?
39
What is the highest common factor of 280 and 420?
140
What is the greatest common divisor of 1144 and 56?
8
What is the highest common divisor of 3925 and 314?
157
What is the highest common divisor of 110 and 44?
22
Calculate the highest common factor of 85 and 153.
17
Calculate the highest common divisor of 60 and 108.
12
What is the highest common divisor of 148 and 1850?
74
What is the greatest common factor of 12 and 606?
6
Calculate the highest common factor of 8 and 18664.
8
Calculate the greatest common factor of 483 and 21.
21
Calculate the greatest common divisor of 3196 and 136.
68
Calculate the greatest common divisor of 8 and 1912.
8
What is the highest common factor of 1026 and 54?
54
What is the highest common divisor of 66 and 48?
6
What is the highest common divisor of 24 and 123?
3
Calculate the greatest common divisor of 169 and 65.
13
What is the highest common divisor of 39 and 767?
13
What is the greatest common factor of 840 and 10?
10
Calculate the greatest common factor of 3 and 324.
3
What is the greatest common divisor of 90 and 3222?
18
Calculate the highest common divisor of 684 and 7011.
171
Calculate the highest common factor of 21 and 483.
21
Calculate the greatest common divisor of 1 and 91.
1
Calculate the highest common factor of 351 and 1872.
117
What is the greatest common divisor of 3 and 717?
3
What is the greatest common divisor of 1218 and 3?
3
Calculate the highest common divisor of 7 and 35.
7
What is the greatest common factor of 88 and 10?
2
What is the greatest common factor of 1545 and 15?
15
What is the greatest common factor of 20 and 4?
4
Calculate the greatest common factor of 36 and 348.
12
What is the highest common divisor of 114 and 1881?
57
Calculate the highest common factor of 40 and 14400.
40
Calculate the highest common divisor of 1302 and 12834.
186
What is the greatest common divisor of 234 and 156?
78
What is the highest common divisor of 50 and 85?
5
Calculate the greatest common divisor of 1066 and 130.
26
What is the greatest common divisor of 1599 and 117?
39
What is t